{"id":7,"date":"2016-04-01T16:21:56","date_gmt":"2016-04-01T16:21:56","guid":{"rendered":"http:\/\/ast-ski.ch\/?page_id=7"},"modified":"2020-11-17T19:28:52","modified_gmt":"2020-11-17T19:28:52","slug":"kader","status":"publish","type":"page","link":"https:\/\/asv-ski.ch\/?page_id=7","title":{"rendered":"Teams"},"content":{"rendered":"\n<p><strong>\u00dcber uns:<\/strong><br>Der Aargauer Skiverband (ASV) resultierte aus dem Zusammenschluss der Mehrheit der Aargauer Skiclubs. Der Verband verfolgt die Idee, den Skisport im Kanton zu f\u00f6rdern. Der ASV ist Mitglied von Swiss-Ski und vertritt den Aargau im Zentralschweizerischen Schneesportverband (ZSSV).<br><strong>Was bieten wir:<\/strong><br>Wir f\u00f6rdern den alpinen Skinachwuchssport (Skirennsport), die Kameradschaft unter gleichaltrigen, die Sozialkompetenzen und im allgemeinen Geselligkeit. Dank unserem Athletenweg mit vier unterschiedlichen Trainingsgruppen kann jede Athletin und jeder Athlet auf dem pers\u00f6nlichen sportlichen Niveau abgeholt und optimal gef\u00f6rdert werden.<\/p>\n\n\n\n<figure class=\"wp-block-image size-large\"><img loading=\"lazy\" decoding=\"async\" width=\"1024\" height=\"565\" src=\"https:\/\/asv-ski.ch\/wp-content\/uploads\/2020\/11\/Athletenweg-1024x565.png\" alt=\"\" class=\"wp-image-1560\" srcset=\"https:\/\/asv-ski.ch\/wp-content\/uploads\/2020\/11\/Athletenweg-1024x565.png 1024w, https:\/\/asv-ski.ch\/wp-content\/uploads\/2020\/11\/Athletenweg-300x166.png 300w, https:\/\/asv-ski.ch\/wp-content\/uploads\/2020\/11\/Athletenweg-768x424.png 768w, https:\/\/asv-ski.ch\/wp-content\/uploads\/2020\/11\/Athletenweg.png 1297w\" sizes=\"auto, (max-width: 1024px) 100vw, 1024px\" \/><\/figure>\n\n\n\n<p><strong>Mitgliedschaft<\/strong><br>Um Mitglied vom ASV zu werden muss man an einem Probekonditionstraining und am Probeskitraining teilnehmen. Das Trainerteam entscheiden danach \u00fcber die Aufnahme der Teilnehmer f\u00fcr das Animation Team und der J+S Skigruppe. Die Selektion des JO-Kaders wird im Fr\u00fchling bei einem Skitrainingslager durchgef\u00fchrt, f\u00fcr dieses Skitrainingslager sind die Mitglieder der J+S Skigruppe zugelassen.<\/p>\n","protected":false},"excerpt":{"rendered":"<p>\u00dcber uns:Der Aargauer Skiverband (ASV) resultierte aus dem Zusammenschluss der Mehrheit der Aargauer Skiclubs. Der Verband verfolgt die Idee, den Skisport im Kanton zu f\u00f6rdern. Der ASV ist Mitglied von Swiss-Ski und vertritt den Aargau im Zentralschweizerischen Schneesportverband (ZSSV).Was bieten wir:Wir f\u00f6rdern den alpinen Skinachwuchssport (Skirennsport), die Kameradschaft unter gleichaltrigen, die Sozialkompetenzen und im allgemeinen [&hellip;]<\/p>\n","protected":false},"author":2,"featured_media":965,"parent":0,"menu_order":0,"comment_status":"closed","ping_status":"closed","template":"","meta":{"footnotes":""},"class_list":["post-7","page","type-page","status-publish","has-post-thumbnail","czr-hentry"],"_links":{"self":[{"href":"https:\/\/asv-ski.ch\/index.php?rest_route=\/wp\/v2\/pages\/7","targetHints":{"allow":["GET"]}}],"collection":[{"href":"https:\/\/asv-ski.ch\/index.php?rest_route=\/wp\/v2\/pages"}],"about":[{"href":"https:\/\/asv-ski.ch\/index.php?rest_route=\/wp\/v2\/types\/page"}],"author":[{"embeddable":true,"href":"https:\/\/asv-ski.ch\/index.php?rest_route=\/wp\/v2\/users\/2"}],"replies":[{"embeddable":true,"href":"https:\/\/asv-ski.ch\/index.php?rest_route=%2Fwp%2Fv2%2Fcomments&post=7"}],"version-history":[{"count":33,"href":"https:\/\/asv-ski.ch\/index.php?rest_route=\/wp\/v2\/pages\/7\/revisions"}],"predecessor-version":[{"id":1561,"href":"https:\/\/asv-ski.ch\/index.php?rest_route=\/wp\/v2\/pages\/7\/revisions\/1561"}],"wp:featuredmedia":[{"embeddable":true,"href":"https:\/\/asv-ski.ch\/index.php?rest_route=\/wp\/v2\/media\/965"}],"wp:attachment":[{"href":"https:\/\/asv-ski.ch\/index.php?rest_route=%2Fwp%2Fv2%2Fmedia&parent=7"}],"curies":[{"name":"wp","href":"https:\/\/api.w.org\/{rel}","templated":true}]}}